
False
Is 1529719 composite?
True
Is 49530589 prime?
True
Is 32473387 composite?
True
Is 87571279 composite?
False
Is 80322611 composite?
False
Is 251491729 prime?
False
Is 397979 prime?
False
Is 11989543 a composite number?
False
Is 678529777 prime?
True
Is 34445577 a composite number?
True
Is 3034403 prime?
True
Is 87126581 a prime number?
False
Is 26647249 prime?
False
Is 353488111 a composite number?
True
Is 52923707 composite?
False
Is 8579687 composite?
False
Is 14176297 prime?
True
Is 8489153 composite?
True
Is 11181587 a prime number?
True
Is 884828497 a composite number?
True
Is 879371 a prime number?
True
Is 1265209 composite?
True
Is 128497139 composite?
True
Is 96039331 a prime number?
True
Is 107788471 composite?
True
Is 115430551 prime?
True
Is 16142459 a prime number?
False
Is 344679053 a prime number?
False
Is 4825427 a composite number?
False
Is 12196373 a composite number?
True
Is 54490895 composite?
True
Is 280777171 prime?
True
Is 12418507 prime?
False
Is 2392939 composite?
False
Is 9507047 prime?
False
Is 3954749 a composite number?
False
Is 39326953 prime?
True
Is 608191 prime?
True
Is 13056689 a prime number?
False
Is 5580613 composite?
False
Is 81727021 a prime number?
True
Is 11911013 a prime number?
True
Is 19677803 a composite number?
True
Is 27263953 a composite number?
False
Is 6616429 composite?
True
Is 1317731 composite?
True
Is 440329 a prime number?
True
Is 377579 a composite number?
True
Is 46990981 prime?
True
Is 32119603 a prime number?
False
Is 47703067 a prime number?
True
Is 2563829 a composite number?
True
Is 2986539 a prime number?
False
Is 317747741 a composite number?
False
Is 5956129 a prime number?
True
Is 5053361 a composite number?
True
Is 288079105 a prime number?
False
Is 32427487 composite?
False
Is 6533057 prime?
True
Is 83784277 a composite number?
True
Is 708486703 prime?
True
Is 79 a prime number?
True
Is 1036153 composite?
False
Is 191546417 a composite number?
False
Is 46674073 prime?
True
Is 3229871 prime?
False
Is 162611 a composite number?
False
Is 110407169 a composite number?
False
Is 6883093 a composite number?
True
Is 3595853 prime?
False
Is 4187999 prime?
False
Is 59402237 prime?
False
Is 5939377 prime?
False
Is 3426953 a prime number?
False
Is 1173791 a prime number?
False
Is 604277567 prime?
True
Is 71733041 composite?
False
Is 495583 a prime number?
False
Is 70475401 prime?
True
Is 2549319 a prime number?
False
Is 15865013 prime?
True
Is 6908821 a composite number?
True
Is 371708483 composite?
False
Is 48284051 a prime number?
True
Is 413227183 composite?
False
Is 20973833 prime?
True
Is 244291 prime?
True
Is 518503 a composite number?
True
Is 3124673 composite?
False
Is 3096017 composite?
False
Is 5835871 composite?
False
Is 67759379 composite?
False
Is 448451 a prime number?
True
Is 3361458505 prime?
False
Is 651587 a prime number?
True
Is 679277 composite?
False
Is 1468783 prime?
False
Is 1511899 prime?
False
Is 252600589 prime?
True
Is 15110447 composite?
True
Is 2212195 a composite number?
True
Is 6855871 a composite number?
True
Is 5110597 a prime number?
True
Is 10359211 a composite number?
True
Is 3969682 composite?
True
Is 3136079 composite?
False
Is 3879597 composite?
True
Is 36578117 a composite number?
False
Is 10341077 composite?
False
Is 130600235 composite?
True
Is 659987 a prime number?
False
Is 11836103 composite?
True
Is 9357 composite?
True
Is 127649861 composite?
False
Is 1185179 a prime number?
True
Is 224599649 a prime number?
True
Is 15062657 composite?
True
Is 528869 a composite number?
True
Is 6237467 composite?
False
Is 59565073 composite?
False
Is 24859139 prime?
True
Is 38858839 composite?
False
Is 28800469 composite?
False
Is 63889867 composite?
False
Is 3530851 a composite number?
False
Is 4800329 composite?
True
Is 125291923 a composite number?
True
Is 3502787 prime?
False
Is 24281 a composite number?
False
Is 24884263 a prime number?
True
Is 36385045 a composite number?
True
Is 73416787 a prime number?
True
Is 7018903 composite?
True
Is 85952749 prime?
False
Is 1228229 a composite number?
True
Is 569153 prime?
False
Is 2732137 prime?
True
Is 15867847 composite?
False
Is 2113003 composite?
False
Is 49264687 prime?
True
Is 3372437 prime?
True
Is 2259053 composite?
False
Is 3125134 prime?
False
Is 827870917 a prime number?
False
Is 93389111 a composite number?
False
Is 79436749 prime?
False
Is 122022163 a composite number?
False
Is 1229945 a prime number?
False
Is 12891173 composite?
False
Is 4045227 a prime number?
False
Is 11457109 a prime number?
True
Is 2242277 prime?
True
Is 1260004537 a composite number?
True
Is 1003545293 prime?
True
Is 95995231 a prime number?
False
Is 11325907 prime?
True
Is 23952886 prime?
False
Is 196380287 composite?
False
Is 142985189 prime?
True
Is 70083782 prime?
False
Is 164343829 a composite number?
True
Is 328530221 prime?
True
Is 169064437 composite?
True
Is 1547173 a prime number?
True
Is 14283179 a composite number?
True
Is 162867659 a composite number?
False
Is 701567 a prime number?
False
Is 3556669 a composite number?
False
Is 31086883 a composite number?
True
Is 167019427 a composite number?
True
Is 10153861 a composite number?
True
Is 17331497 a composite number?
False
Is 45669889 prime?
True
Is 831133 a composite number?
True
Is 240543493 a composite number?
True
Is 1119907 composite?
False
Is 413871151 composite?
True
Is 1689967 a composite number?
False
Is 33160667 a composite number?
True
Is 22490399 composite?
True
Is 49565027 a prime number?
False
Is 59041761 composite?
True
Is 23333941 composite?
False
Is 398443 a composite number?
True
Is 73059059 a prime number?
True
Is 78343647 a prime number?
False
Is 10255418 a composite number?
True
Is 1474097 a prime number?
True
Is 70864463 a composite number?
False
Is 2501677 prime?
True
Is 10719887 composite?
True
Is 1695583 a prime number?
False
Is 1647599 a composite number?
False
Is 5749403 a composite number?
True
Is 368830801 prime?
False
Is 7406537 a prime number?
True
Is 700694 a prime number?
False
Is 576119 a prime number?
True
Is 41364017 prime?
True
Is 4224979 a prime number?
False
Is 99559 a prime number?
True
Is 68848273 a prime number?
False
Is 108172705 composite?
True
Is 9033857 composite?
True
Is 219481183 composite?
False
Is 346039 composite?
False
Is 15105523 a composite number?
False
Is 4093709 a composite number?
False
Is 4357519 a composite number?
False
Is 17215189 a prime number?
True
Is 5899363 a prime number?
True
Is 10679807 a composite number?
False
Is 1702391 prime?
False
Is 825763 prime?
True
Is 6083995 composite?
True
Is 75710869 composite?
True
Is 5764943 prime?
True
Is 9325003 a composite number?
False
Is 346858 composite?
True
Is 78304979 composite?
False
Is 856099643 a composite number?
True
Is 963335 composite?
True
Is 4443063 a prime number?
False
Is 304655873 composite?
False
Is 18071789 a composite number?
False
Is 315959 a prime number?
False
Is 523487 a prime number?
True
Is 150599131 composite?
False
Is 50869309 a composite number?
False
Is 6126311 a composite number?
False
Is 2730649 composite?
False
Is 8112353 prime?
False
Is 70619657 prime?
True
Is 28473161 prime?
True
Is 27640373 composite?
False
Is 43543513 prime?
False
Is 565340401 composite?
False
Is 504631 a composite number?
False
Is 3908153 composite?
False
Is 51949621 prime?
True
Is 140297 a composite number?
False
Is 4646977 prime?
True
Is 944507 composite?
True
Is 469530133 a prime number?
True
Is 7156327 prime?
True
Is 70635505 a composite number?
True
Is 12823169 prime?
False
Is 17492509 a composite number?
False
Is 22514963 prime?
False
Is 884651 a composite number?
False
Is 884159 a prime number?
True
Is 256541 composite?
False
Is 27766385 prime?
False
Is 444277459 a composite number?
True
Is 63361 prime?
True
Is 467805521 a composite number?
True
Is 392830733 composite?
True
Is 39765131 composite?
True
Is 35020207 prime?
True
Is 2924021 composite?
False
Is 1454189 a prime number?
False
Is 364231267 a prime number?
True
Is 7840013 a prime number?
True
Is 359377 a prime number?
True
Is 322193 a prime number?
True
Is 8684813 a composite number?
True
Is 3466597 a composite number?
False
Is 14765477 composite?
True
Is 602526551 a composite number?
